 be (5/(-3))/(p/(-441)). What is the units digit of t/(-10)*24/(-14)?
8
Let b = -53 + 22. Let o = -61 + 40. Let y = o - b. What is the units digit of y?
0
Suppose -3*v + 3 = 5*b, 0 = b + b - 3*v + 3. Suppose 0 = -r - 1, b*r = -4*i + 2*r + 450. What is the units digit of i?
2
Let u = 242 + -179. What is the units digit of u?
3
Let b = 1075 - 994. Let v(i) = -14*i + 1. Let c be v(-3). Let s = b - c. What is the units digit of s?
8
Suppose -d = -5*d, 0 = 2*f - 2*d + 20. Let g = f - -16. Let w = g + 2. What is the units digit of w?
8
Let r(y) = y**3 - 36*y**2 + 17*y - 5. What is the units digit of r(36)?
7
Let w(l) = 6*l + 9. Let q(k) = 13*k + 19. Let u(m) = 4*q(m) - 9*w(m). What is the units digit of u(-11)?
7
Let s be (-9)/3 + (-18)/(-4)*2. What is the tens digit of (-4)/s + (-7)/(42/(-748))?
2
What is the units digit of 2*-1*(-13 - 8040/16)?
1
Let m = -8 + 21. Let w(h) = -h**2 + 14*h - 10. Let k be w(m). Suppose 3*v = -3*a + 66, 0 = 4*a + k*v - 107 + 23. What is the units digit of a?
8
Suppose 4*x + 5 + 11 = 0. Let l be (-3)/(-18)*x*-12. Suppose 0 = 2*o + l - 32. What is the tens digit of o?
1
Let o = -81 - -30. What is the tens digit of (12/(-9))/((-203)/o + -4)?
6
Suppose 4*g = 2*r + 18, -2*r + 0*g - 4*g = -22. Let l(i) = 0 - 3 + 2 + 12*i. What is the tens digit of l(r)?
1
Let o(r) = 902*r - 668. What is the units digit of o(4)?
0
Suppose -4111 = -34*z + 5239. What is the hundreds digit of z?
2
What is the units digit of 2*2/(-10)*-5 - -469?
1
Suppose q - 18 = -3*d, 2*q + 17 = -5*d + 48. Suppose 0*a - 5*f = -5*a + 170, q*a - 100 = 5*f. Let s = 16 + a. What is the tens digit of s?
5
Suppose -2*k + 768 = 2*w, -3*k + w + 2*w = -1164. What is the hundreds digit of k?
3
Suppose -b = 1 + 2. Let a be (-1)/b + 14/3. Suppose a*k - 27 = 118. What is the units digit of k?
9
Suppose f - 36 = 2*h, 4*f - 4*h - 18 = 134. What is the units digit of f?
0
Let j = 709 - 400. What is the hundreds digit of j?
3
Suppose 2*t + 2*t = 4*r - 420, -5*t - 4*r = 516. Let a = t - -74. Let k = a - -43. What is the units digit of k?
3
Let t(d) = 12*d + 16. Let f = -4 + -2. Let w be t(f). What is the units digit of w/(-12)*90/21?
0
Suppose -4 + 25 = m - 5*x, 0 = 2*m - 2*x - 82. Let z = 25 - m. Let j = z - -33. What is the tens digit of j?
1
Let f(a) = 7*a - 19. Let d(l) = 3*l - 10. Let z(q) = -5*d(q) + 2*f(q). Let t be z(6). Suppose 0*i = 3*i - t. What is the units digit of i?
2
Suppose 36059 = 32*r + 12859. What is the tens digit of r?
2
Let o = -7 - -3. Let q be (-3)/o - 162/(-8). Suppose 0*l = l - q. What is the tens digit of l?
2
Let v = 604 + -559. What is the tens digit of v?
4
Let v(k) = 7*k**2 + 4*k + 18. What is the units digit of v(-9)?
9
Suppose -3*w + 2195 = 5*t - 2*w, 0 = 5*t - w - 2205. What is the tens digit of t?
4
Let r(n) = n**2 + 2*n - 7. Let k be r(-4). Let s be (3045/(-42))/(k/(-2)). Suppose 3*b - 4*b = -2*q + s, -b + 5 = 0. What is the tens digit of q?
7
Suppose 3*y = -6*y. Suppose 11*n + 545 = 13*n + 5*v, y = 2*n - 5*v - 495. What is the hundreds digit of n?
2
Let n(f) = f**2 - 4*f + 9. Let j be n(6). Let y = j - 19. What is the units digit of y/(-6) - 94/(-3)?
1
Suppose -20*u + 22634 + 25666 = 0. What is the tens digit of u?
1
Suppose -12*y + 4614 = -6*y. What is the hundreds digit of y?
7
Suppose -5845 = -5*d + 3*z - 1609, 5*d - 4233 = 4*z. What is the units digit of d?
9
Suppose 118 + 2 = 4*p. What is the units digit of p?
0
Let d be 16/(-10)*10/(-4). Suppose 5*i + 0 = 5*g - 10, i = d*g - 14. Suppose 20 = 5*a - g*a. What is the units digit of a?
0
Let b be ((-15)/5)/(3 + (-57)/20). What is the units digit of (2*8/b)/(4/(-290))?
8
Let s(c) = 38*c - 91. What is the hundreds digit of s(26)?
8
Let k(x) = 1209*x - 164. What is the units digit of k(2)?
4
What is the hundreds digit of ((-2122)/7)/(49/(-343)) + 1?
1
Let h(v) = v**2 + v + 2. Let a be 3/(-6)*1*0. Let b be h(a). What is the tens digit of -3*24/(-9) + b?
1
Suppose 39*u - 352 = 28*u. What is the units digit of u?
2
Let a(j) = 5*j**2 - 5*j - 2. Let b(z) = -21*z**2 + 20*z + 8. Let q(y) = 9*a(y) + 2*b(y). What is the tens digit of q(-3)?
4
Let y(f) = f**2 + 17*f - 18. Let j be y(-18). Suppose -2*s - n = n - 258, j = -5*s + 2*n + 610. What is the tens digit of s?
2
What is the tens digit of (50 + -44)*(-5535)/(-6)?
3
Let u(w) = w + 2. Let f be u(3). Suppose 2*r + f = 4*r - n, 3*r - 4*n = 0. Suppose 0 = -r*c + 3*s + 87, 5*c - 108 = s + 3*s. What is the units digit of c?
4
Suppose 4*a + 144 = -2*a. Suppose -z + 18 = -17. Let s = z + a. What is the units digit of s?
1
Let k(v) = -v**3 - 4*v**2 + 2*v + 7. Let p be k(-5). Let w(l) = 4*l + 40. What is the tens digit of w(p)?
2
Suppose -2*p + 42 = 6*q - 2*q, -q + 3*p = -14. Suppose -203 = -4*s - q. What is the units digit of s?
8
Let x(f) = f**3 - 5*f**2 + 5*f + 1. Let a be x(4). Suppose -4*z + 3 = -z + 2*q, -5*z + a*q - 20 = 0. What is the tens digit of (0 - z)/((-3)/(-48))?
1
Suppose -4 = r + r. Let y(j) be the third derivative of -4*j**4/3 + j**3/6 - j**2 - 3. What is the units digit of y(r)?
5
Suppose 0 = 2*j - 5*b - 5449, 5*b + 2717 = j + b. What is the thousands digit of j?
2
Suppose 13 = 4*r + 1. Suppose r*p - 13 = t - 2*p, 3*t + 4*p = -1. What is the units digit of 8/(-24)*t*1?
1
Let x(p) = p**2 - 7*p + 13. Let q be x(6). Suppose 3*u + 180 = 3*b, 2 = 5*u + q. What is the units digit of b?
9
Let g = -603 + 1249. What is the units digit of g?
6
Let h = 0 - 0. Let g = -8 + 8. Suppose h = -3*p - g*p + 2*f + 40, -3*f - 6 = 0. What is the tens digit of p?
1
What is the hundreds digit of (4/11 + (-21)/(-33))*3865?
8
Let k = 25 - 23. Suppose a - 92 = -0*q - 3*q, 0 = -k*a + 3*q + 202. What is the units digit of a?
8
Let f be 2/4*(-54)/(-3). Let n(y) = 5*y - 4*y + 6*y - f - 2*y. What is the units digit of n(8)?
1
Suppose -5*o - 6 = -2*o. What is the units digit of (-2 + (-5 - o))*8/(-40)?
1
Let d = 46 - 42. What is the units digit of (5 - d) + -4 + 9?
6
Let x = 15 + -33. Let z = -13 - x. What is the units digit of 9*1 + -7 + z?
7
Let d be (-5383)/(-28) - 3/12. Suppose -4*f = -0*f - d. Let n = f - 10. What is the units digit of n?
8
Let b = -1500 - -2527. What is the tens digit of b?
2
Let w = -1165 - -2465. What is the tens digit of w?
0
Let c = 0 + 549. What is the units digit of c?
9
Let h(f) = -f**2 - 5*f - 1. Suppose 5*g = -3*r + 4, 0*r + 2*g - 10 = 3*r. Let q be h(r). Suppose 0*p - q*m = -5*p + 190, 0 = 5*m. What is the tens digit of p?
3
Suppose -3*m - x + 2615 = 3*x, 4*x = 3*m - 2575. What is the units digit of m?
5
Let s = -11 + 11. Let w = s + 0. Suppose -4*x + 3*g = -106, 3*x - 3*g - 78 = -w*g. What is the units digit of x?
8
Let v be (-6)/9 - 10/3. Let r be (-3)/12 - (-7)/v. What is the units digit of (15/r)/(3/(-4))?
0
Suppose -2*u + 5*h = -3815 - 2383, 4*u - 12452 = -4*h. What is the units digit of u?
9
Suppose 4*g - m = -g + 12, 4*m = 2*g + 6. Suppose g*x = 38 - 11. What is the units digit of x?
9
Let v = -1788 - -3553. What is the hundreds digit of v?
7
Suppose -543 - 902 = -5*x. Suppose -y + 76 = -g, -2*y + g = 2*y - x. What is the units digit of y?
1
Let u(i) = -5*i**2 + 8*i - 6. Let q(a) be the first derivative of a**3/3 - a + 1. Let d(j) = -4*q(j) - u(j). What is the units digit of d(8)?
0
Let y = -24 - -27. Suppose y = 7*a - 11. Suppose -3*o = -3*n - 222, -124 = -a*o + n - 5*n. What is the tens digit of o?
7
Let r = 236 + 429. What is the hundreds digit of r?
6
Let y(v) = 2*v**3 + 52*v**2 - 18*v - 175. What is the hundreds digit of y(-26)?
2
Suppose 2*y - 5*s = -2*s + 32, 5*y - 130 = -5*s. Suppose -2*v - y = -0*v. Let j = 8 - v. What is the units digit of j?
9
Let l(t) = 17*t + 23. Let i(n) = -7*n - 2. Let v be i(1). Let b be l(v). Let q = -77 - b. What is the units digit of q?
3
Suppose -20*r = -22*r + 1290. What is the hundreds digit of r?
6
Let a = -6564 - -10939. What is the thousands digit of a?
4
Let d = 55 + -27. Suppose 0 = 8*q - 4*q - d. What is the units digit of q?
7
Let v(l) = 2*l**3 - 56*l**2 - 41*l - 26. What is the tens digit of v(29)?
6
Let k be 2 - -12*(-4)/6. Let i = k + 30. What is the units digit of i?
4
Suppose 2*i = 2*r - 8822 + 3294, -5*r = -i - 13828. What is the units digit of r?
6
Suppose 0 = -f + 5*m - 1446, -3*m + 1484 = -2*f - 1436. What is the tens digit of (f/(-8))/1 + 18/24?
8
Let k = -108 + 164. Suppo